{"id":14758,"date":"2019-03-18T16:22:41","date_gmt":"2019-03-18T15:22:41","guid":{"rendered":"http:\/\/www.sport-et-sante.net\/?page_id=14758"},"modified":"2019-03-18T16:39:35","modified_gmt":"2019-03-18T15:39:35","slug":"association-de-glucide-pour-la-prise-de-masse-musculaire","status":"publish","type":"page","link":"https:\/\/www.sport-et-sante.net\/index.php\/association-de-glucide-pour-la-prise-de-masse-musculaire\/","title":{"rendered":"ASSOCIATION DE GLUCIDE POUR LA PRISE DE MASSE MUSCULAIRE"},"content":{"rendered":"<p><div class=\"fusion-fullwidth fullwidth-box fusion-builder-row-1 nonhundred-percent-fullwidth non-hundred-percent-height-scrolling\" style=\"background-color: #25292b;background-position: center center;background-repeat: no-repeat;padding-top:0px;padding-right:0px;padding-bottom:0px;padding-left:0px;margin-bottom: 0px;margin-top: 0px;border-width: 0px 0px 0px 0px;border-color:#25292b;border-style:solid;\" ><div class=\"fusion-builder-row fusion-row\"><div class=\"fusion-layout-column fusion_builder_column fusion-builder-column-0 fusion_builder_column_5_6 5_6 fusion-five-sixth fusion-column-first\" style=\"width:82.6666%; margin-right: 4%;margin-top:0px;margin-bottom:20px;\"><div class=\"fusion-column-wrapper fusion-flex-column-wrapper-legacy\" style=\"background-position:left top;background-repeat:no-repeat;-webkit-background-size:cover;-moz-background-size:cover;-o-background-size:cover;background-size:cover;padding: 0px 0px 0px 0px;\"><style type=\"text\/css\"><\/style><div class=\"fusion-title title fusion-title-1 sep-underline sep-solid fusion-title-text fusion-title-size-one\" style=\"border-bottom-color:#3e3e3e;margin-top:0px;margin-right:0px;margin-bottom:30px;margin-left:0px;\"><h1 class=\"title-heading-left fusion-responsive-typography-calculated\" style=\"margin:0;--fontSize:55;line-height:1;\"><h2 style=\"text-align: center;\">DI\u00c9T\u00c9TIQUE NATURELLE PRISE DE MASSE MUSCULAIRE<\/h2><\/h1><\/div><div class=\"fusion-clearfix\"><\/div><\/div><\/div><div class=\"fusion-layout-column fusion_builder_column fusion-builder-column-1 fusion_builder_column_1_3 1_3 fusion-one-third fusion-column-first\" style=\"width:33.333333333333%;width:calc(33.333333333333% - ( ( 4% + 4% ) * 0.33333333333333 ) );margin-right: 4%;margin-top:0px;margin-bottom:20px;\"><div class=\"fusion-column-wrapper fusion-flex-column-wrapper-legacy\" style=\"background-position:left top;background-repeat:no-repeat;-webkit-background-size:cover;-moz-background-size:cover;-o-background-size:cover;background-size:cover;background-color:#1e2123;padding: 10px 30px 10px 30px;\"><div class=\"fusion-text fusion-text-1\"><h3>Levure de bi\u00e8re<\/h3>\n<div class=\"imageframe-align-center\"><style>.fusion-image-frame-bottomshadow.image-frame-shadow-1{display:inline-block}.element-bottomshadow.imageframe-1:before, .element-bottomshadow.imageframe-1:after{-webkit-box-shadow: 0 17px 10px rgba(0,0,0,0.4);box-shadow: 0 17px 10px rgba(0,0,0,0.4);}<\/style><div class=\"awb-image-frame awb-image-frame-1 fusion-image-frame-bottomshadow element-bottomshadow image-frame-shadow-1\"><span class=\" fusion-imageframe imageframe-bottomshadow imageframe-1 element-bottomshadow hover-type-zoomin\"><img width=\"253\" height=\"261\" title=\"levure-de-bi\u00e9re-2\" src=\"http:\/\/www.sport-et-sante.net\/wp-content\/uploads\/2018\/08\/levure-de-bi\u00e9re-2-1.png\" alt class=\"img-responsive wp-image-13358\"\/><\/span><\/div><\/div>\n<p>Riche en vitamines B1, B5, B8, B9 et en min\u00e9raux, elle est\u00a0l&rsquo;ingr\u00e9dient id\u00e9al pour Booster l\u2019assimilation et l\u2019utilisation des glucides<\/p>\n<p><strong>Ne pas d\u00e9passer les doses recommand\u00e9es, tous les organismes ne supportes pas la levure de bi\u00e8re.<\/strong><\/p>\n<h4><\/h4>\n<h4 style=\"margin: 0cm; margin-bottom: .0001pt; background: white; vertical-align: baseline;\"><\/h4>\n<\/div><div class=\"fusion-clearfix\"><\/div><\/div><\/div><div class=\"fusion-layout-column fusion_builder_column fusion-builder-column-2 fusion_builder_column_1_3 1_3 fusion-one-third\" style=\"width:33.333333333333%;width:calc(33.333333333333% - ( ( 4% + 4% ) * 0.33333333333333 ) );margin-right: 4%;margin-top:0px;margin-bottom:20px;\"><div class=\"fusion-column-wrapper fusion-flex-column-wrapper-legacy\" style=\"background-position:left top;background-repeat:no-repeat;-webkit-background-size:cover;-moz-background-size:cover;-o-background-size:cover;background-size:cover;background-color:#1e2123;padding: 10px 30px 10px 30px;\"><div class=\"fusion-text fusion-text-2\"><h3>LA BAIE DE GOJI<\/h3>\n<p>Riche en vitamines, en min\u00e9raux et en oligo\u00e9l\u00e9ments, C&rsquo;est aussi une tr\u00e8s importante source d&rsquo;antioxydants\u00a0avec une tr\u00e8s grande proportion de\u00a0carot\u00e9no\u00efdes\u00a0mais aussi avec quatre\u00a0polysaccharides (sucres) consid\u00e9r\u00e9s comme les compos\u00e9s actifs responsables des effets b\u00e9n\u00e9fiques.<\/p>\n<h4><\/h4>\n<\/div><div class=\"imageframe-align-center\"><style>.fusion-image-frame-bottomshadow.image-frame-shadow-2{display:inline-block}.element-bottomshadow.imageframe-2:before, .element-bottomshadow.imageframe-2:after{-webkit-box-shadow: 0 17px 10px rgba(0,0,0,0.4);box-shadow: 0 17px 10px rgba(0,0,0,0.4);}<\/style><div class=\"awb-image-frame awb-image-frame-2 fusion-image-frame-bottomshadow element-bottomshadow image-frame-shadow-2\"><span class=\" fusion-imageframe imageframe-bottomshadow imageframe-2 element-bottomshadow hover-type-zoomin\"><img width=\"500\" height=\"242\" alt=\"Di\u00e9t\u00e9tique pour prise de masse Baie de Goji\" title=\"Baie-de-goji\" src=\"http:\/\/www.sport-et-sante.net\/wp-content\/uploads\/2018\/09\/Baie-de-goji.png\" class=\"img-responsive wp-image-13761\" srcset=\"https:\/\/www.sport-et-sante.net\/wp-content\/uploads\/2018\/09\/Baie-de-goji-200x97.png 200w, https:\/\/www.sport-et-sante.net\/wp-content\/uploads\/2018\/09\/Baie-de-goji-400x194.png 400w, https:\/\/www.sport-et-sante.net\/wp-content\/uploads\/2018\/09\/Baie-de-goji.png 500w\" sizes=\"(max-width: 1505px) 100vw, 400px\" \/><\/span><\/div><\/div><div class=\"fusion-clearfix\"><\/div><\/div><\/div><div class=\"fusion-layout-column fusion_builder_column fusion-builder-column-3 fusion_builder_column_1_3 1_3 fusion-one-third fusion-column-last\" style=\"width:33.333333333333%;width:calc(33.333333333333% - ( ( 4% + 4% ) * 0.33333333333333 ) );margin-top:0px;margin-bottom:20px;\"><div class=\"fusion-column-wrapper fusion-flex-column-wrapper-legacy\" style=\"background-position:left top;background-repeat:no-repeat;-webkit-background-size:cover;-moz-background-size:cover;-o-background-size:cover;background-size:cover;background-color:#1e2123;padding: 10px 30px 10px 30px;\"><div class=\"fusion-text fusion-text-3\"><p>CAMU CAMU<\/p>\n<p>Camu camu est l\u2019un des fruits les plus riche en vitamine C .Il vous donnera la force de pousser plus fort.<\/p>\n<h4><\/h4>\n<\/div><div class=\"imageframe-align-center\"><style>.fusion-image-frame-bottomshadow.image-frame-shadow-3{display:inline-block}.element-bottomshadow.imageframe-3:before, .element-bottomshadow.imageframe-3:after{-webkit-box-shadow: 0 17px 10px rgba(0,0,0,0.4);box-shadow: 0 17px 10px rgba(0,0,0,0.4);}<\/style><div class=\"awb-image-frame awb-image-frame-3 fusion-image-frame-bottomshadow element-bottomshadow image-frame-shadow-3\"><span class=\" fusion-imageframe imageframe-bottomshadow imageframe-3 element-bottomshadow hover-type-zoomin\"><img width=\"375\" height=\"292\" alt=\"Alimentation prise de masse musculaire Camu camu\" title=\"Camu-camu\" src=\"http:\/\/www.sport-et-sante.net\/wp-content\/uploads\/2018\/09\/Camu-camu.png\" class=\"img-responsive wp-image-13765\" srcset=\"https:\/\/www.sport-et-sante.net\/wp-content\/uploads\/2018\/09\/Camu-camu-200x156.png 200w, https:\/\/www.sport-et-sante.net\/wp-content\/uploads\/2018\/09\/Camu-camu.png 375w\" sizes=\"(max-width: 1505px) 100vw, 375px\" \/><\/span><\/div><\/div><div class=\"fusion-clearfix\"><\/div><\/div><\/div><div class=\"fusion-layout-column fusion_builder_column fusion-builder-column-4 fusion_builder_column_1_3 1_3 fusion-one-third fusion-column-first\" style=\"width:33.333333333333%;width:calc(33.333333333333% - ( ( 4% ) * 0.33333333333333 ) );margin-right: 4%;margin-top:0px;margin-bottom:20px;\"><div class=\"fusion-column-wrapper fusion-flex-column-wrapper-legacy\" style=\"background-position:left top;background-repeat:no-repeat;-webkit-background-size:cover;-moz-background-size:cover;-o-background-size:cover;background-size:cover;background-color:#1e2123;padding: 10px 30px 10px 30px;\"><div class=\"fusion-text fusion-text-4\"><h3>LA MANGUE<\/h3>\n<p>La mangue est un fruit extraordinaire car elle est compl\u00e8te tant en vitamine qu\u2019en min\u00e9raux .Elle contient des polyph\u00e9nols et une belle quantit\u00e9 de vitamine C mais aussi un peu de E, A et certaines du groupe B.<\/p>\n<h4><\/h4>\n<\/div><div class=\"imageframe-align-center\"><style>.fusion-image-frame-bottomshadow.image-frame-shadow-4{display:inline-block}.element-bottomshadow.imageframe-4:before, .element-bottomshadow.imageframe-4:after{-webkit-box-shadow: 0 17px 10px rgba(0,0,0,0.4);box-shadow: 0 17px 10px rgba(0,0,0,0.4);}<\/style><div class=\"awb-image-frame awb-image-frame-4 fusion-image-frame-bottomshadow element-bottomshadow image-frame-shadow-4\"><span class=\" fusion-imageframe imageframe-bottomshadow imageframe-4 element-bottomshadow hover-type-zoomin\"><img width=\"365\" height=\"213\" alt=\"Alimentation prise de masse musculaire Mangue\" title=\"Mangue\" src=\"http:\/\/www.sport-et-sante.net\/wp-content\/uploads\/2018\/09\/Mangue.png\" class=\"img-responsive wp-image-13766\" srcset=\"https:\/\/www.sport-et-sante.net\/wp-content\/uploads\/2018\/09\/Mangue-200x117.png 200w, https:\/\/www.sport-et-sante.net\/wp-content\/uploads\/2018\/09\/Mangue.png 365w\" sizes=\"(max-width: 1505px) 100vw, 365px\" \/><\/span><\/div><\/div><div class=\"fusion-clearfix\"><\/div><\/div><\/div><div class=\"fusion-layout-column fusion_builder_column fusion-builder-column-5 fusion_builder_column_1_3 1_3 fusion-one-third fusion-column-last\" style=\"width:33.333333333333%;width:calc(33.333333333333% - ( ( 4% ) * 0.33333333333333 ) );margin-top:0px;margin-bottom:20px;\"><div class=\"fusion-column-wrapper fusion-flex-column-wrapper-legacy\" style=\"background-position:left top;background-repeat:no-repeat;-webkit-background-size:cover;-moz-background-size:cover;-o-background-size:cover;background-size:cover;background-color:#1e2123;padding: 10px 30px 10px 30px;\"><div class=\"fusion-text fusion-text-5\"><h3>LA GEL\u00c9E ROYAL<\/h3>\n<p>Un tonifiant naturel, boosteur d\u2019\u00e9nergie donne un vrai coup de fouet \u00e0 l\u2019organisme, ouvre l\u2019app\u00e9tit.<\/p>\n<p>La meilleure forme de gel\u00e9e royale \u00e9tant sa forme originelle, c\u2019est \u00e0 dire fra\u00eeche, en pot.<\/p>\n<p>Ne pas d\u00e9passer les doses conseill\u00e9es.<\/p>\n<h4><\/h4>\n<\/div><div class=\"imageframe-align-center\"><style>.fusion-image-frame-bottomshadow.image-frame-shadow-5{display:inline-block}.element-bottomshadow.imageframe-5:before, .element-bottomshadow.imageframe-5:after{-webkit-box-shadow: 0 17px 10px rgba(0,0,0,0.4);box-shadow: 0 17px 10px rgba(0,0,0,0.4);}<\/style><div class=\"awb-image-frame awb-image-frame-5 fusion-image-frame-bottomshadow element-bottomshadow image-frame-shadow-5\"><span class=\" fusion-imageframe imageframe-bottomshadow imageframe-5 element-bottomshadow hover-type-zoomin\"><img width=\"500\" height=\"264\" alt=\"Alimentation prise de masse musculaire Gel\u00e9e Royal\" title=\"Gell\u00e9e-Royal\" src=\"http:\/\/www.sport-et-sante.net\/wp-content\/uploads\/2018\/09\/Gell\u00e9e-Royale.png\" class=\"img-responsive wp-image-13762\" srcset=\"https:\/\/www.sport-et-sante.net\/wp-content\/uploads\/2018\/09\/Gell\u00e9e-Royale-200x106.png 200w, https:\/\/www.sport-et-sante.net\/wp-content\/uploads\/2018\/09\/Gell\u00e9e-Royale-400x211.png 400w, https:\/\/www.sport-et-sante.net\/wp-content\/uploads\/2018\/09\/Gell\u00e9e-Royale.png 500w\" sizes=\"(max-width: 1505px) 100vw, 400px\" \/><\/span><\/div><\/div><div class=\"fusion-clearfix\"><\/div><\/div><\/div><\/div><\/div><\/p>\n","protected":false},"excerpt":{"rendered":"","protected":false},"author":1,"featured_media":0,"parent":0,"menu_order":0,"comment_status":"closed","ping_status":"closed","template":"","meta":[],"_links":{"self":[{"href":"https:\/\/www.sport-et-sante.net\/index.php\/wp-json\/wp\/v2\/pages\/14758"}],"collection":[{"href":"https:\/\/www.sport-et-sante.net\/index.php\/wp-json\/wp\/v2\/pages"}],"about":[{"href":"https:\/\/www.sport-et-sante.net\/index.php\/wp-json\/wp\/v2\/types\/page"}],"author":[{"embeddable":true,"href":"https:\/\/www.sport-et-sante.net\/index.php\/wp-json\/wp\/v2\/users\/1"}],"replies":[{"embeddable":true,"href":"https:\/\/www.sport-et-sante.net\/index.php\/wp-json\/wp\/v2\/comments?post=14758"}],"version-history":[{"count":2,"href":"https:\/\/www.sport-et-sante.net\/index.php\/wp-json\/wp\/v2\/pages\/14758\/revisions"}],"predecessor-version":[{"id":14767,"href":"https:\/\/www.sport-et-sante.net\/index.php\/wp-json\/wp\/v2\/pages\/14758\/revisions\/14767"}],"wp:attachment":[{"href":"https:\/\/www.sport-et-sante.net\/index.php\/wp-json\/wp\/v2\/media?parent=14758"}],"curies":[{"name":"wp","href":"https:\/\/api.w.org\/{rel}","templated":true}]}}